{"id":249,"date":"2019-05-20T15:34:07","date_gmt":"2019-05-20T13:34:07","guid":{"rendered":"http:\/\/www.visitdobrinj.hr\/?post_type=obj_mjesta&#038;p=249"},"modified":"2025-11-25T17:18:38","modified_gmt":"2025-11-25T15:18:38","slug":"silo","status":"publish","type":"obj_mjesta","link":"http:\/\/www.visitdobrinj.hr\/de\/ortschaften\/silo\/","title":{"rendered":"\u0160ilo"},"content":{"rendered":"<p><strong>Wie <a href=\"http:\/\/www.visitdobrinj.hr\/de\/mjesta\/dobrinj\/\">Dobrinj<\/a> das jahrhundertealte Verwaltungs- und Kulturzentrum dieser Region ist, ist der stolze Vorreiter des <\/strong><strong>Tourismus in Dobrinj die j\u00fcngste Siedlung dieses Teils der Insel. Ihr Name ist \u0160ilo<\/strong> <strong>und beruht auf dem, was in ihre Entstehung und ihr Bestehen eingewoben ist. Ihr Name ist den Linguisten nach mit dem Kap, beziehungsweise mit dem <\/strong><strong>Meeresfelsen verwandt.<\/strong><\/p>\n<p>Die Anf\u00e4nge des Tourismus gehen auf das Jahr 1928 zur\u00fcck, als die Gesellschaft \u0160ilo gegr\u00fcndet wurde, die nicht nur die Vorreiterin im lokalen, touristischen Sinne ist. Von dem Anleger dieser malerischen Ortschaft aus fuhr am <strong>12. April 1959 die \u201eBodulka<\/strong><strong>\u201c, die erste F\u00e4hre in diesem Teil der Adria<\/strong>, die die erste F\u00e4hrverbindung zwischen \u0160ilo und Crikvenica er\u00f6ffnete und somit auch eine neue Periode in der Entwicklung von \u0160ilo, der Insel Krk und der n\u00f6rdlichen Adria.<\/p>\n<p>Der Vorg\u00e4nger von Bodulka kam schon lange zuvor an; Anfang 1905 wurde in \u0160ilo die <strong>\u201eDampfschifffahrtgesellschaft der Insel Krk\u201c<\/strong> als die erste dieser Art auf der Insel Krk gegr\u00fcndet. Die Gesellschaft kaufte bald das <strong>Dampfschiff \u201eDinko Vitezi\u0107<\/strong><strong>\u201c<\/strong> und das erste Dampfschiff fuhr am ersten Tag des Monats Juni desselben Jahres in Richtung Crikvenica- und wurde so zu einer Ouvert\u00fcre f\u00fcr die k\u00fcnftige F\u00e4hrlinie <strong>\u0160ilo \u2013 Crikvenica<\/strong>.<\/p>\n<h2 style=\"text-align: center;\"><a href=\"http:\/\/360.krk.hr\/?s=pano4760&#038;tour_language=en\" target=\"_blank\" rel=\"noopener noreferrer\">360\u00b0 virtuelle Tour \u0160ilo><\/a>\u00a0 \u00a0 <a href=\"http:\/\/360.krk.hr\/?s=pano4761&#038;tour_language=en\" target=\"_blank\" rel=\"noopener noreferrer\">360\u00b0 virtuelle Tour \u0160ilo #2><\/a><\/h2>\n<h2 style=\"text-align: center;\"><a href=\"http:\/\/360.krk.hr\/?s=pano4759&#038;tour_language=en\" target=\"_blank\" rel=\"noopener noreferrer\">360\u00b0 virtuelle Tour Strand \u0160ilo ><\/a><\/h2>\n<h2 style=\"text-align: center;\"><a href=\"https:\/\/www.kikimon.net\/absolute\/silo1.html\" target=\"_blank\" rel=\"noopener noreferrer\">Webcam \u0160ilo LIVE ><\/a><\/h2>\n","protected":false},"featured_media":0,"parent":0,"menu_order":2,"template":"","meta":[],"_links":{"self":[{"href":"http:\/\/www.visitdobrinj.hr\/de\/wp-json\/wp\/v2\/obj_mjesta\/249"}],"collection":[{"href":"http:\/\/www.visitdobrinj.hr\/de\/wp-json\/wp\/v2\/obj_mjesta"}],"about":[{"href":"http:\/\/www.visitdobrinj.hr\/de\/wp-json\/wp\/v2\/types\/obj_mjesta"}],"wp:attachment":[{"href":"http:\/\/www.visitdobrinj.hr\/de\/wp-json\/wp\/v2\/media?parent=249"}],"curies":[{"name":"wp","href":"https:\/\/api.w.org\/{rel}","templated":true}]}}

Šilo

<p><strong>Wie <a href="http://www.visitdobrinj.hr/de/mjesta/dobrinj/">Dobrinj</a> das jahrhundertealte Verwaltungs- und Kulturzentrum dieser Region ist, ist der stolze Vorreiter des </strong><strong>Tourismus in Dobrinj die jüngste Siedlung dieses Teils der Insel. Ihr Name ist Šilo</strong> <strong>und beruht auf dem, was in ihre Entstehung und ihr Bestehen eingewoben ist. Ihr Name ist den Linguisten nach mit dem Kap, beziehungsweise mit dem </strong><strong>Meeresfelsen verwandt.</strong></p>
<p>Die Anfänge des Tourismus gehen auf das Jahr 1928 zurück, als die Gesellschaft Šilo gegründet wurde, die nicht nur die Vorreiterin im lokalen, touristischen Sinne ist. Von dem Anleger dieser malerischen Ortschaft aus fuhr am <strong>12. April 1959 die „Bodulka</strong><strong>“, die erste Fähre in diesem Teil der Adria</strong>, die die erste Fährverbindung zwischen Šilo und Crikvenica eröffnete und somit auch eine neue Periode in der Entwicklung von Šilo, der Insel Krk und der nördlichen Adria.</p>
<p>Der Vorgänger von Bodulka kam schon lange zuvor an; Anfang 1905 wurde in Šilo die <strong>„Dampfschifffahrtgesellschaft der Insel Krk“</strong> als die erste dieser Art auf der Insel Krk gegründet. Die Gesellschaft kaufte bald das <strong>Dampfschiff „Dinko Vitezić</strong><strong>“</strong> und das erste Dampfschiff fuhr am ersten Tag des Monats Juni desselben Jahres in Richtung Crikvenica- und wurde so zu einer Ouvertüre für die künftige Fährlinie <strong>Šilo – Crikvenica</strong>.</p>
<h2 style="text-align: center;"><a href="http://360.krk.hr/?s=pano4760&#038;tour_language=en" target="_blank" rel="noopener noreferrer">360° virtuelle Tour Šilo></a>    <a href="http://360.krk.hr/?s=pano4761&#038;tour_language=en" target="_blank" rel="noopener noreferrer">360° virtuelle Tour Šilo #2></a></h2>
<h2 style="text-align: center;"><a href="http://360.krk.hr/?s=pano4759&#038;tour_language=en" target="_blank" rel="noopener noreferrer">360° virtuelle Tour Strand Šilo ></a></h2>
<h2 style="text-align: center;"><a href="https://www.kikimon.net/absolute/silo1.html" target="_blank" rel="noopener noreferrer">Webcam Šilo LIVE ></a></h2>
