{"id":2655,"date":"2019-11-13T22:47:46","date_gmt":"2019-11-13T20:47:46","guid":{"rendered":"http:\/\/www.visitdobrinj.hr\/?page_id=2655"},"modified":"2025-04-24T22:45:15","modified_gmt":"2025-04-24T20:45:15","slug":"biciklisticke-staze","status":"publish","type":"page","link":"http:\/\/www.visitdobrinj.hr\/de\/aktivurlaub\/fahrradwege\/","title":{"rendered":"FAHRRADWEGE"},"content":{"rendered":"<p>Was f\u00fcr einen aktiven Urlaub gilt, gilt auch f\u00fcr das Radfahren, das eigentlich Teil eines aktiven, zeitgem\u00e4\u00dfen Urlaubs ist. Radfahrer nehmen regelm\u00e4\u00dfig am Verkehr teil, nicht nur in den Sommermonaten, sondern den ganzen Rest des Jahres. Aus diesem Grund wurden die meisten Wanderwege in Fahrradrouten umgewandelt, und verschiedene Radsportveranstaltungen auf der Insel Krk bringen \u201eeinheimische\u201c und \u201eausl\u00e4ndische\u201c Radsportfans zusammen. Im \u00dcbrigen, die ganze Insel ist eine Einheit f\u00fcr Radfahrer, da viele der Wege durch die oben genannten Radveranstaltungen miteinander verbunden sind. Diese Art des Angebots ist einer der Gr\u00fcnde, warum die Ferienzeit in dem Gebiet von Dobrinj\u0161tina aus dem \u201eRahmen des Sommers\u201c geraten ist. Denn Radfahren in unserem Gebiet kann man das ganze Jahr \u00fcber &#8211; sicher und ungest\u00f6rt.<\/p>\n\n\n<h2 class=\"has-text-align-center\"><br><strong><span class=\"has-inline-color has-vivid-cyan-blue-color\">RENT A BIKE<\/span><\/strong><\/h2>\n\n\n\n<p><\/p>\n\n\n\n<div class=\"wp-block-columns\">\n<div class=\"wp-block-column\" style=\"flex-basis:33.33%\">\n<p><strong>COOL \u0160ILO APARTMENTS D.O.O.<\/strong><br>Jesenovica 62a, 51 515 \u0160ilo<br><strong>Tel.:<\/strong> +385 99 497 2224<br><strong>E-mail: <\/strong><a href=\"mailto:office@cool-silo.com\" target=\"_blank\" rel=\"noreferrer noopener\">office@cool-silo.com<\/a><br><strong>Web:<\/strong> <a href=\"http:\/\/www.cool-silo.com\" data-type=\"URL\" data-id=\"www.cool-silo.com\" target=\"_blank\" rel=\"noreferrer noopener\">www.cool-silo.com<\/a><\/p>\n<\/div>\n\n\n\n<div class=\"wp-block-column\" style=\"flex-basis:33.33%\">\n<p><strong>OLIVIA &#038; NAVY<\/strong><br>Donje selo 65, 51 515 Polje<br><strong>Tel.:<\/strong> +385 91 152 9757<br><strong>E-mail:<\/strong> <a href=\"mailto:masa.frkovic@gmail.com\" target=\"_blank\" rel=\"noreferrer noopener\">masa.frkovic@gmail.com<\/a><br><strong>Web:<\/strong> <a href=\"http:\/\/www.apartments-olivia-navy.com\" data-type=\"URL\" data-id=\"www.apartments-olivia-navy.com\" target=\"_blank\" rel=\"noreferrer noopener\">www.apartments-olivia-navy.com<\/a><\/p>\n<\/div>\n\n\n\n<div class=\"wp-block-column\" style=\"flex-basis:33.33%\">\n<p><strong>Pansion Restoran Riviera \u0160ilo<\/strong><br>Pe\u0107ine 19, 51 515 \u0160ilo<br><strong>Tel.:<\/strong> +385 99 430 1621<br><strong>E-mail:<\/strong> <a href=\"mailto:zcrepulj@gmail.com\" target=\"_blank\" rel=\"noreferrer noopener\">zcrepulj@gmail.com<\/a><br><strong>Web:<\/strong> <a href=\"http:\/\/www.pansion-riviera-silo.com\" data-type=\"URL\" data-id=\"www.pansion-riviera-silo.com\" target=\"_blank\" rel=\"noreferrer noopener\">www.pansion-riviera-silo.com<\/a><\/p>\n<\/div>\n<\/div>\n\n\n\n<div class=\"wp-block-image\"><figure class=\"aligncenter size-large\"><a href=\"https:\/\/www.krk-outdoor.com\/en\" target=\"_blank\" rel=\"noopener\"><img loading=\"lazy\" width=\"691\" height=\"208\" src=\"http:\/\/www.visitdobrinj.hr\/wp-content\/uploads\/2025\/04\/logo_Krk-outdoor_hr_w-3.png\" alt=\"\" class=\"wp-image-38181\" srcset=\"http:\/\/www.visitdobrinj.hr\/wp-content\/uploads\/2025\/04\/logo_Krk-outdoor_hr_w-3.png 691w, http:\/\/www.visitdobrinj.hr\/wp-content\/uploads\/2025\/04\/logo_Krk-outdoor_hr_w-3-300x90.png 300w\" sizes=\"(max-width: 691px) 100vw, 691px\" \/><\/a><\/figure><\/div>\n","protected":false},"excerpt":{"rendered":"<p>Was f\u00fcr einen aktiven Urlaub gilt, gilt auch f\u00fcr das Radfahren, das eigentlich Teil eines aktiven, zeitgem\u00e4\u00dfen Urlaubs ist. Radfahrer nehmen regelm\u00e4\u00dfig am Verkehr teil, nicht nur in den Sommermonaten, sondern den ganzen Rest des Jahres. Aus diesem Grund wurden die meisten Wanderwege in Fahrradrouten umgewandelt, und verschiedene Radsportveranstaltungen auf der Insel Krk bringen \u201eeinheimische\u201c [&hellip;]<\/p>\n","protected":false},"author":1,"featured_media":0,"parent":62,"menu_order":2,"comment_status":"closed","ping_status":"closed","template":"","meta":[],"_links":{"self":[{"href":"http:\/\/www.visitdobrinj.hr\/de\/wp-json\/wp\/v2\/pages\/2655"}],"collection":[{"href":"http:\/\/www.visitdobrinj.hr\/de\/wp-json\/wp\/v2\/pages"}],"about":[{"href":"http:\/\/www.visitdobrinj.hr\/de\/wp-json\/wp\/v2\/types\/page"}],"author":[{"embeddable":true,"href":"http:\/\/www.visitdobrinj.hr\/de\/wp-json\/wp\/v2\/users\/1"}],"replies":[{"embeddable":true,"href":"http:\/\/www.visitdobrinj.hr\/de\/wp-json\/wp\/v2\/comments?post=2655"}],"version-history":[{"count":69,"href":"http:\/\/www.visitdobrinj.hr\/de\/wp-json\/wp\/v2\/pages\/2655\/revisions"}],"predecessor-version":[{"id":38225,"href":"http:\/\/www.visitdobrinj.hr\/de\/wp-json\/wp\/v2\/pages\/2655\/revisions\/38225"}],"up":[{"embeddable":true,"href":"http:\/\/www.visitdobrinj.hr\/de\/wp-json\/wp\/v2\/pages\/62"}],"wp:attachment":[{"href":"http:\/\/www.visitdobrinj.hr\/de\/wp-json\/wp\/v2\/media?parent=2655"}],"curies":[{"name":"wp","href":"https:\/\/api.w.org\/{rel}","templated":true}]}}

<p>Was für einen aktiven Urlaub gilt, gilt auch für das Radfahren, das eigentlich Teil eines aktiven, zeitgemäßen Urlaubs ist. Radfahrer nehmen regelmäßig am Verkehr teil, nicht nur in den Sommermonaten, sondern den ganzen Rest des Jahres. Aus diesem Grund wurden die meisten Wanderwege in Fahrradrouten umgewandelt, und verschiedene Radsportveranstaltungen auf der Insel Krk bringen „einheimische“ und „ausländische“ Radsportfans zusammen. Im Übrigen, die ganze Insel ist eine Einheit für Radfahrer, da viele der Wege durch die oben genannten Radveranstaltungen miteinander verbunden sind. Diese Art des Angebots ist einer der Gründe, warum die Ferienzeit in dem Gebiet von Dobrinjština aus dem „Rahmen des Sommers“ geraten ist. Denn Radfahren in unserem Gebiet kann man das ganze Jahr über &#8211; sicher und ungestört.</p>


<h2 class="has-text-align-center"><br><strong><span class="has-inline-color has-vivid-cyan-blue-color">RENT A BIKE</span></strong></h2>



<p></p>



<div class="wp-block-columns">
<div class="wp-block-column" style="flex-basis:33.33%">
<p><strong>COOL ŠILO APARTMENTS D.O.O.</strong><br>Jesenovica 62a, 51 515 Šilo<br><strong>Tel.:</strong> +385 99 497 2224<br><strong>E-mail: </strong><a href="mailto:office@cool-silo.com" target="_blank" rel="noreferrer noopener">office@cool-silo.com</a><br><strong>Web:</strong> <a href="http://www.cool-silo.com" data-type="URL" data-id="www.cool-silo.com" target="_blank" rel="noreferrer noopener">www.cool-silo.com</a></p>
</div>



<div class="wp-block-column" style="flex-basis:33.33%">
<p><strong>OLIVIA &#038; NAVY</strong><br>Donje selo 65, 51 515 Polje<br><strong>Tel.:</strong> +385 91 152 9757<br><strong>E-mail:</strong> <a href="mailto:masa.frkovic@gmail.com" target="_blank" rel="noreferrer noopener">masa.frkovic@gmail.com</a><br><strong>Web:</strong> <a href="http://www.apartments-olivia-navy.com" data-type="URL" data-id="www.apartments-olivia-navy.com" target="_blank" rel="noreferrer noopener">www.apartments-olivia-navy.com</a></p>
</div>



<div class="wp-block-column" style="flex-basis:33.33%">
<p><strong>Pansion Restoran Riviera Šilo</strong><br>Pećine 19, 51 515 Šilo<br><strong>Tel.:</strong> +385 99 430 1621<br><strong>E-mail:</strong> <a href="mailto:zcrepulj@gmail.com" target="_blank" rel="noreferrer noopener">zcrepulj@gmail.com</a><br><strong>Web:</strong> <a href="http://www.pansion-riviera-silo.com" data-type="URL" data-id="www.pansion-riviera-silo.com" target="_blank" rel="noreferrer noopener">www.pansion-riviera-silo.com</a></p>
</div>
</div>



<div class="wp-block-image"><figure class="aligncenter size-large"><a href="https://www.krk-outdoor.com/en" target="_blank" rel="noopener"><img loading="lazy" width="691" height="208" src="http://www.visitdobrinj.hr/wp-content/uploads/2025/04/logo_Krk-outdoor_hr_w-3.png" alt="" class="wp-image-38181" srcset="http://www.visitdobrinj.hr/wp-content/uploads/2025/04/logo_Krk-outdoor_hr_w-3.png 691w, http://www.visitdobrinj.hr/wp-content/uploads/2025/04/logo_Krk-outdoor_hr_w-3-300x90.png 300w" sizes="(max-width: 691px) 100vw, 691px" /></a></figure></div>

<p>Was für einen aktiven Urlaub gilt, gilt auch für das Radfahren, das eigentlich Teil eines aktiven, zeitgemäßen Urlaubs ist. Radfahrer nehmen regelmäßig am Verkehr teil, nicht nur in den Sommermonaten, sondern den ganzen Rest des Jahres. Aus diesem Grund wurden die meisten Wanderwege in Fahrradrouten umgewandelt, und verschiedene Radsportveranstaltungen auf der Insel Krk bringen „einheimische“ [&hellip;]</p>
